s the remainder when 260833 is divided by 988?
1
Calculate the remainder when 152922 is divided by 76456.
10
Calculate the remainder when 17958 is divided by 1380.
18
Calculate the remainder when 2348 is divided by 152.
68
What is the remainder when 8081 is divided by 129?
83
Calculate the remainder when 6198 is divided by 619.
8
Calculate the remainder when 21933 is divided by 224.
205
What is the remainder when 17932 is divided by 8765?
402
Calculate the remainder when 21088 is divided by 88.
56
Calculate the remainder when 13403 is divided by 123.
119
What is the remainder when 5372 is divided by 283?
278
What is the remainder when 108799 is divided by 22?
9
What is the remainder when 1401 is divided by 59?
44
Calculate the remainder when 7208 is divided by 1190.
68
Calculate the remainder when 63887 is divided by 41.
9
What is the remainder when 16526 is divided by 1271?
3
What is the remainder when 3417 is divided by 85?
17
What is the remainder when 11387 is divided by 2250?
137
What is the remainder when 945 is divided by 851?
94
What is the remainder when 647263 is divided by 41?
37
Calculate the remainder when 893 is divided by 650.
243
Calculate the remainder when 4784 is divided by 55.
54
What is the remainder when 336831 is divided by 168403?
25
Calculate the remainder when 34398 is divided by 924.
210
Calculate the remainder when 2569 is divided by 730.
379
What is the remainder when 635 is divided by 22?
19
What is the remainder when 33982 is divided by 453?
7
Calculate the remainder when 3570 is divided by 73.
66
What is the remainder when 161487 is divided by 277?
273
Calculate the remainder when 244211 is divided by 13566.
23
What is the remainder when 176156 is divided by 168?
92
Calculate the remainder when 277736 is divided by 157.
3
What is the remainder when 111544 is divided by 230?
224
What is the remainder when 52775 is divided by 11?
8
Calculate the remainder when 300742 is divided by 100247.
1
What is the remainder when 1024 is divided by 107?
61
What is the remainder when 137264 is divided by 34315?
4
What is the remainder when 1364 is divided by 639?
86
Calculate the remainder when 30130 is divided by 186.
184
What is the remainder when 167261 is divided by 106?
99
What is the remainder when 11440 is divided by 55?
0
Calculate the remainder when 2838724 is divided by 1612.
1604
Calculate the remainder when 11045119 is divided by 51.
49
Calculate the remainder when 12554 is divided by 672.
458
What is the remainder when 36269 is divided by 45?
44
What is the remainder when 13200 is divided by 508?
500
What is the remainder when 97932 is divided by 19579?
37
What is the remainder when 8347085 is divided by 1379?
1377
What is the remainder when 4498 is divided by 132?
10
What is the remainder when 80888 is divided by 245?
38
Calculate the remainder when 2076 is divided by 14.
4
What is the remainder when 12011 is divided by 66?
65
What is the remainder when 15713 is divided by 348?
53
What is the remainder when 6603 is divided by 3298?
7
What is the remainder when 29420 is divided by 275?
270
What is the remainder when 105775 is divided by 13?
7
Calculate the remainder when 569 is divided by 132.
41
Calculate the remainder when 21857 is divided by 12.
5
Calculate the remainder when 18987261 is divided by 54.
51
What is the remainder when 63149 is divided by 790?
739
What is the remainder when 46959 is divided by 9380?
59
What is the remainder when 50242 is divided by 12?
10
Calculate the remainder when 16419 is divided by 103.
42
What is the remainder when 883 is divided by 107?
27
What is the remainder when 8443 is divided by 815?
293
What is the remainder when 95991 is divided by 185?
161
Calculate the remainder when 297101 is divided by 599.
596
Calculate the remainder when 6616 is divided by 628.
336
Calculate the remainder when 1310 is divided by 566.
178
Calculate the remainder when 28864 is divided by 28757.
107
Calculate the remainder when 2566 is divided by 54.
28
Calculate the remainder when 39580 is divided by 19734.
112
Calculate the remainder when 950 is divided by 84.
26
What is the remainder when 5608 is divided by 583?
361
Calculate the remainder when 56141 is divided by 2805.
41
What is the remainder when 8761 is divided by 191?
166
What is the remainder when 12209 is divided by 43?
40
What is the remainder when 3526 is divided by 763?
474
Calculate the remainder when 5283 is divided by 764.
699
What is the remainder when 811 is divided by 136?
131
What is the remainder when 51547 is divided by 24?
19
Calculate the remainder when 198387 is divided by 977.
56
What is the remainder when 526399 is divided by 32?
31
Calculate the remainder when 737988 is divided by 11.
9
Calculate the remainder when 47232 is divided by 335.
332
Calculate the remainder when 2430 is divided by 447.
195
What is the remainder when 36975 is divided by 9241?
11
What is the remainder when 2639 is divided by 558?
407
Calculate the remainder when 1945848 is divided by 166.
162
What is the remainder when 44846 is divided by 149?
146
What is the remainder when 12347 is divided by 1214?
207
What is the remainder when 1677 is divided by 37?
12
Calculate the remainder when 170939 is divided by 1117.
38
Calculate the remainder when 19474 is divided by 178.
72
Calculate the remainder when 226 is divided by 77.
72
Calculate the remainder when 11762 is divided by 5759.
244
Calculate the remainder when 5523 is divided by 102.
15
Calculate the remainder when 41568 is divided by 252.
240
Calculate the remainder when 741 is divided by 30.
21
Calculate the remainder when 255576 is divided by 93.
12
Calculate the remainder when 1626 is divided by 744.
138
What is the remainder when 3201 is divided by 156?
81
What is the remainder when 260173 is divided by 618?
613
What is the remainder when 368191 is divided by 140?
131
Calculate the remainder when 60877 is divided by 844.
109
What is the remainder when 22921 is divided by 1146?
1
What is the remainder when 11742 is divided by 2060?
1442
Calculate the remainder when 2778 is divided by 335.
98
What is the remainder when 27067 is divided by 1723?
1222
Calculate the remainder when 4675 is divided by 231.
55
Calculate the remainder when 40297 is divided by 20141.
15
Calculate the remainder when 13394 is divided by 181.
0
What is the remainder when 7963 is divided by 1529?
318
Calculate the remainder when 12429 is divided by 154.
109
What is the remainder when 53510 is divided by 10702?
0
Calculate the remainder when 13456246 is divided by 39.
37
What is the remainder when 2839 is divided by 102?
85
Calculate the remainder when 23271 is divided by 92.
87
What is the remainder when 1672617 is divided by 305?
302
Calculate the remainder when 182018 is divided by 81.
11
Calculate the remainder when 1743469 is divided by 2083.
2081
Calculate the remainder when 1405 is divided by 78.
1
Calculate the remainder when 4037 is divided by 67.
17
What is the remainder when 1729 is divided by 166?
69
What is the remainder when 13098 is divided by 1088?
42
What is the remainder when 5794 is divided by 243?
205
Calculate the remainder when 33921 is divided by 5.
1
Calculate the remainder when 8533 is divided by 480.
373
Calculate the remainder when 5909 is divided by 980.
29
Calculate the remainder when 4352 is divided by 1447.
11
What is the remainder when 166856 is divided by 4278?
14
What is the remainder when 4446 is divided by 1476?
18
What is the remainder when 7003 is divided by 3501?
1
Calculate the remainder when 2205 is divided by 43.
12
Calculate the remainder when 120524 is divided by 432.
428
What is the remainder when 4563 is divided by 218?
203
What is the remainder when 52390 is divided by 1637?
6
Calculate the remainder when 21363 is divided by 3559.
9
Calculate the remainder when 29330 is divided by 2255.
15
What is the remainder when 1731 is divided by 345?
6
What is the remainder when 10594 is divided by 1616?
898
What is the remainder when 6748 is divided by 50?
48
Calculate the remainder when 4763 is divided by 2368.
27
What is the remainder when 21041 is divided by 17?
12
What is the remainder when 218 is divided by 35?
8
Calculate the remainder when 6912 is divided by 5665.
1247
What is